*2 - f + 1. Let s be w(1). What is the hundreds digit of (4 - (-8)/s) + 176?
1
Suppose -4*c = -5*y - 607, -3*c + 5*c + 4*y = 310. Let v = 223 - c. What is the tens digit of v?
7
What is the units digit of 7/28 + (-1497)/(-12)?
5
Let v be 34/8 - 20/80. Suppose v*k = -2*i + 364, -4*i = k - 3*k + 172. What is the tens digit of k?
9
Let n(y) = -y - 14. Let v be n(-8). Let k be (v/3 - -31)/1. What is the tens digit of (k/(-2))/(3/(-6))?
2
What is the hundreds digit of ((-504)/105)/(3/(-2700))?
3
What is the hundreds digit of (-60376)/(-48) + 2/(2 + 10)?
2
Let b(x) = -61*x - 1. What is the units digit of b(-33)?
2
Let s = 4 - -2. Let r be (2/1)/(0 - 1). What is the units digit of s/2 - 42/r?
4
Suppose -289 = 5*p + 4*j, p - 5*j + 203 = -2*p. Suppose 0 = -2*b - 3*d + 1, -9 = 3*b - 2*d + 9. What is the units digit of -2 - -1 - (p + b)?
4
Suppose -474 = -23*l + 21*l. What is the hundreds digit of l?
2
Suppose -89*z + 92*z = 1107. What is the hundreds digit of z?
3
Let r = 20 - 13. Let o(y) = -3 - 2 - 1 - r - 5*y. What is the units digit of o(-12)?
7
Let z(w) = 2*w - 19. Let a = -4 - -16. Let s be z(a). Suppose -257 = -s*t - o - 0*o, 0 = 3*t + 3*o - 159. What is the units digit of t?
1
Suppose 3*y + 458 = s, -2*s - y + 446 = -s. What is the tens digit of s?
4
Let o(c) = c**2 - 5*c + 9. Let l be o(4). What is the tens digit of (322/35)/(2/l)?
2
Let a(y) = 6*y - 8. What is the units digit of a(5)?
2
Suppose 0 = -2*o - 2*o - 124. Let q = o + 68. What is the units digit of q?
7
Let s(g) = -4*g - 11*g**2 + 3 + 1 + 4*g. Let v be s(2). What is the tens digit of (v - -1)/((-9)/6)?
2
Suppose 1323 = 3*s + c, 0 = -s + c - 3*c + 436. What is the units digit of s?
2
Suppose -4*v - 32 = 192. Let z = v - -229. What is the units digit of z?
3
Suppose 3*t = -2*u + 730, -4*t + 5*u + 1249 = 314. What is the hundreds digit of t?
2
Suppose 0 = 3*w - 3348 - 81. What is the thousands digit of w?
1
Let k = 0 + 3. Suppose l + 0*l = 2*i - k, 0 = 2*i - 4*l. Suppose 2*u - 2 = 5*c + 6, 64 = 4*u + i*c. What is the units digit of u?
4
What is the units digit of (-15 + 13)/((24/1023)/(-4))?
1
Suppose -6*n - 1470 = -7932. What is the hundreds digit of n?
0
Let t = -56 + 56. Suppose t*c + 5*c = 5*n - 590, -3*n + 362 = -5*c. What is the tens digit of n?
1
What is the units digit of (62*(-8)/16)/(-1)?
1
Let w = 4 - -32. Suppose -3*c + w = -2*c. Suppose -3*m = y + 1 - c, y = 5*m - 45. What is the units digit of m?
0
Suppose 0 = -5*p + 2*n + 16, 2*p + 0*p = -5*n - 11. Suppose p*x - 1372 = -5*x. What is the hundreds digit of x?
1
Let o(b) = -2*b**2 - 5*b + 1. Let j be o(-9). Let f = -52 - j. What is the units digit of f?
4
Suppose -5 + 10 = -5*u. What is the tens digit of u - (-5 - 0) - -41?
4
Suppose 4*f + 16 = 0, 5*s + 4*f + 189 = 3*f. Let l = 47 + s. What is the units digit of l?
0
Let g(u) = 2*u**3 + 32*u**2 + 12*u + 9. What is the hundreds digit of g(-13)?
8
Suppose 3*c - 9105 = -3*h, 12119 = 4*c - 5*h + 2*h. What is the units digit of c?
2
Let m be (24/(-15))/(((-12)/(-5))/(-6)). Suppose -2*n - 2*z = -16 - 304, 0 = 3*n + m*z - 477. What is the units digit of n?
3
Suppose 530*j - 312 = 528*j. What is the hundreds digit of j?
1
Let k(f) = -f**3 + 32*f**2 - 15*f - 38. What is the tens digit of k(31)?
5
What is the hundreds digit of 3291*((-6)/18 + 1)?
1
Suppose 0 = 49*i - 72974 + 12802. What is the tens digit of i?
2
Suppose 0 = -37*b + 24*b + 8164. What is the hundreds digit of b?
6
Let j be ((-4)/2)/((-14)/1827). Suppose -13*a + 12*a = -j. What is the hundreds digit of a?
2
Suppose 13*y - 757 = 452. What is the units digit of y?
3
Suppose 17*g - 4989 = 4055. What is the units digit of g?
2
Suppose -4*p - 3*v + 18321 = 0, -5*p - 6*v + 3*v + 22899 = 0. What is the tens digit of p?
7
Suppose 5*r - 2 = -4*c - 9, 5*c + 16 = r. What is the units digit of (c + -1 + 212)/1?
8
Let m = 509 - 82. What is the hundreds digit of m?
4
Suppose -7*h = -3*h - 44. Let p = -9 + h. Suppose p*j - 9 = 19. What is the tens digit of j?
1
Suppose 3*x + 5*h + 5 = 7*x, -4*x + 3*h = -3. Suppose 5*d - 838 - 367 = x. What is the units digit of d?
1
Suppose -14*w + 68 = 5*y - 16*w, y - 4*w = 10. What is the tens digit of y?
1
Let t(p) be the second derivative of p**5/20 + p**4/2 + p**3 + 2*p**2 - 8*p. Let x = -19 - -15. What is the tens digit of t(x)?
1
Let m(i) = -i**2 - 14*i + 15. Let p be m(-15). Suppose -2*b = -5*k + 32 - 9, -2*k + 4*b + 6 = p. Suppose -k*s + 80 = -s. What is the tens digit of s?
2
Suppose 0 = 2*x - 5*b - 571, -1452 + 321 = -4*x - b. What is the tens digit of x?
8
Suppose -8*y = -4*y - 20. Suppose -5*s - 6 = -y*n + 9, 4*n + s - 12 = 0. Let j = 17 + n. What is the tens digit of j?
2
What is the hundreds digit of (-1 - 117)/(21/(-105))?
5
Suppose -6 - 2 = -4*x. Suppose 4*k - 3 = o + 2, -x*o = 3*k + 21. What is the units digit of o/(-21) - 492/(-28)?
8
Let d(q) = q**3 + 3*q**2 - 2*q + 23. What is the tens digit of d(10)?
0
Suppose -3*z = 5*t + 219, z - 41 = 2*t + 51. Let n = 195 + t. What is the hundreds digit of n?
1
Let r(l) = l**2 - l + 2. Let b be r(2). What is the tens digit of (-1350)/(-8) + 3/(-16)*b?
6
Let k be 10*(-1 + 4/2). Suppose -p + 2*p + d = 3, -4*p - 2*d = -k. What is the units digit of p?
2
Let f = -70 + 72. Suppose 3 = f*n + 3*c, -3*n = 2*n - 3*c - 60. What is the units digit of n?
9
Let j(f) = 3*f**3 - 13*f**2 - 3*f + 12. What is the units digit of j(12)?
8
Let m be (-3574)/30 + 4/30. Let y = 178 + m. What is the tens digit of y?
5
Let x = -32 + 54. What is the tens digit of 297/x*(-16)/(-6)?
3
Let k(g) = -g**3 - 11*g**2 - 10*g + 54. Let f be k(-11). Suppose 0*x + 3*x = 615. Suppose -f = -4*w + 2*a + 3*a, 5*w - x = -a. What is the tens digit of w?
4
Suppose 0 = 2*v + 2*h - 184, h - 92 = -v + 5*h. Let g be (v/(-115))/(4/(-50)). What is the tens digit of (164/(-10))/((-4)/g)?
4
Suppose 0 = d - 25 + 6. What is the units digit of d?
9
Suppose w - 208 - 178 = 0. What is the hundreds digit of w?
3
Suppose 4*y = -12, 0 = 3*h + 3*y - 5*y + 30. Let g = -7 - -3. What is the units digit of g/h + 170/3?
7
Let l be 22014/27 - (-2)/3. What is the tens digit of (1/2)/((-813)/l - -1)?
3
Suppose -2*n - 48 = -4*o - 14, 10 = 2*n. Let r be 0/(-4 - -8) - -2. Suppose o = r*q - 37. What is the units digit of q?
4
Let h = 51 - 14. Suppose -4*l = -v - 325, l - 45 = v + h. What is the tens digit of l?
8
Suppose -2*x + 2940 = 5*c + 3*x, 3*c - 3*x - 1770 = 0. What is the tens digit of c?
8
Let c = 90 - 44. Suppose c*p = 43*p + 24. What is the units digit of p?
8
What is the hundreds digit of ((-8)/(-10))/(193291/(-27615) + 7)?
5
Let h(a) = -a**3 + 7*a**2 + 7*a + 8. Let d be h(8). Suppose 3*r + 2*r = 2*u + 135, d = r - 5*u - 27. What is the units digit of r?
7
Suppose -i - 3*d = 7, 2*i = -i - d + 11. Suppose -t + 15 = 2*l, -4*l - 2 = -i*l + 5*t. What is the units digit of l?
7
What is the hundreds digit of 540640/589 - 4/(-38)?
9
Suppose 76 = 4*z - 24. Let n be (5 - (-12)/(-4))*z. Suppose 3*o = s - 71 + 269, 0 = -o - 5*s + n. What is the units digit of o?
5
Let p(l) be the third derivative of 23*l**5/60 - l**4/4 - 2*l**3 + 30*l**2. What is the units digit of p(-2)?
2
What is the hundreds digit of 937 - (7/35*5)/1?
9
Let f be 8 - 1 - (2 - 1). Let o(g) = 2*g - 2. Let l be o(-8). Let i = f - l. What is the tens digit of i?
2
Let j(a) = 3*a + 2. Let k be j(3). Let w(m) = 98*m - 32. Let c(h) = -33*h + 11. Let o(p) = k*c(p) + 4*w(p). What is the tens digit of o(2)?
5
Suppose r + 1 - 4 = 2*i, 5*r = -4*i + 15. Suppose r*x = 75 + 27. What is the units digit of 1*(x + 8/2)?
8
Suppose 0 = 3*o + 6, -3*y - 5*o = 2*y - 30. Let a be -12 + y + (10 - -1). Suppose 9*z - a*z = 30. What is the tens digit of z?
1
Suppose 0 = -4*r + 85 - 13. Suppose 79 = c + 4*p, -r = -c + 3*p + 40. What is the units digit of c?
7
Let q = 54 + -34. Let v = 22 - q. Suppose -3 = v*t - 9. What is the units digit of t?
3
Let k(u) be the second derivative of u**4/12 - u**3/3 + 2*u**2 + 14*u. What is the tens digit of k(-4)?
2
Let h = 64 - -132. Let m = h + -136. What is the tens digit of m?
6
Let q(p) = 3*p**3 - 10*p**2 - 9*p + 40. What is the hundreds digit of q(9)?
3
Let p(w) = w**2 + 5*w + 3. Let t be p(-5). Suppose t*m - 7*m = 0. Suppose m = 2*b - 29 - 27. What is the units digit of b?
8
Let a(i) be the first derivative of -i**4/4 + 7*i**3 - 9*i